{"id":551,"date":"2018-01-21T16:00:54","date_gmt":"2018-01-21T15:00:54","guid":{"rendered":"http:\/\/www.igatamus.com\/bgc\/?page_id=551"},"modified":"2018-01-21T16:00:54","modified_gmt":"2018-01-21T15:00:54","slug":"trac","status":"publish","type":"page","link":"https:\/\/www.igatamus.com\/bgc\/technique-de-massage-des-points-dacupuncture\/trac\/","title":{"rendered":"Trac"},"content":{"rendered":"<p>Les tempes qui font mal, la gorge qui se noue, le ventre qui se crispe, la bouche qui se dess\u00e8che, H\u00e9 oui, c&rsquo;est le trac, tout le monde l&rsquo;a connu un jour ou l&rsquo;autre et en a subit les d\u00e9sag\u00e9ments plus ou monis important.<\/p>\n<p>Et si j&rsquo;avais eu une solution vous dites vous ? He bien en voil\u00e0 une, ce point permet de lutter contre les effets du trac, c&rsquo;est le m\u00eame que le point des <a href=\"http:\/\/vidauban.pagesperso-orange.fr\/medchin\/coup.html\">chocs moraux et physiques<\/a>.<\/p>\n<table border=\"2\" cellpadding=\"0\">\n<tbody>\n<tr>\n<td width=\"50%\"><b><i>Ce point est situ\u00e9 sur la poitrine et uniquement du c\u00f4t\u00e9 droit.<\/i><\/b><\/p>\n<p align=\"CENTER\"><img src=\"http:\/\/vidauban.pagesperso-orange.fr\/medchin\/coup.gif\" width=\"174\" height=\"300\" align=\"BOTTOM\" border=\"0\" \/><\/p>\n<\/td>\n<td width=\"50%\">\n<p align=\"CENTER\"><b><i>Il est plac\u00e9 \u00e0 quatre travers de doigts au dessus du mamelon droit, exactement dans le deuxi\u00e8me espace intercostal.<\/i><\/b><\/p>\n<p align=\"CENTER\"><b><i>En le stimulant fortement, on sent les sueurs froides se dissiper et revenir au calme.<\/i><\/b><\/p>\n<\/td>\n<\/tr>\n<\/tbody>\n<\/table>\n<p style=\"text-align: left;\" align=\"CENTER\"><span style=\"font-size: xx-small;\">ATTENTION : ces pages ont \u00e9t\u00e9 r\u00e9alis\u00e9es \u00e0 partir de documents existants : livres, cours, publicit\u00e9s m\u00e9dicales&#8230; Nous tenons \u00e0 pr\u00e9venir l&rsquo;internaute lecteur de ces pages qu&rsquo;il ne s&rsquo;agit en aucun cas de pratiquer la m\u00e9decine mais de soulager par simples massages, des \u00e9tats douloureux comme par exemple se masser la nuque pour se d\u00e9tendre en rentrant d&rsquo;une journ\u00e9e particuli\u00e8rement difficile. Il se trouve que les solutions expos\u00e9es ici sont relativement efficaces MAIS il vous faut imp\u00e9rativement aller consulter un m\u00e9decin pour pouvoir \u00eatre <b>soign\u00e9<\/b> en plus d&rsquo;\u00eatre soulag\u00e9.<\/span><\/p>\n<p><center><br \/>\n<a href=\"http:\/\/www.amazon.fr\/gp\/search?ie=UTF8&amp;camp=1642&amp;creative=6746&amp;index=books&amp;keywords=acupuncture&amp;linkCode=ur2&amp;tag=technidemassa-21\" target=\"_blank\" rel=\"noopener noreferrer\">lien vers des livres d&rsquo;acupuncture<\/a><img src=\"http:\/\/www.assoc-amazon.fr\/e\/ir?t=technidemassa-21&amp;l=ur2&amp;o=8\" alt=\"\" width=\"1\" height=\"1\" border=\"0\" \/><\/center><\/p>\n","protected":false},"excerpt":{"rendered":"<p>Les tempes qui font mal, la gorge qui se noue, le ventre qui se crispe, la bouche qui se dess\u00e8che, H\u00e9 oui, c&rsquo;est le trac, tout le monde l&rsquo;a connu un jour ou l&rsquo;autre et en a subit les d\u00e9sag\u00e9ments plus ou monis important. Et si j&rsquo;avais eu une solution vous dites vous ? He &hellip; <\/p>\n<p class=\"link-more\"><a href=\"https:\/\/www.igatamus.com\/bgc\/technique-de-massage-des-points-dacupuncture\/trac\/\" class=\"more-link\">Continuer la lecture<span class=\"screen-reader-text\"> de &laquo;&nbsp;Trac&nbsp;&raquo;<\/span><\/a><\/p>\n","protected":false},"author":1,"featured_media":0,"parent":431,"menu_order":46,"comment_status":"closed","ping_status":"closed","template":"","meta":[],"_links":{"self":[{"href":"https:\/\/www.igatamus.com\/bgc\/wp-json\/wp\/v2\/pages\/551"}],"collection":[{"href":"https:\/\/www.igatamus.com\/bgc\/wp-json\/wp\/v2\/pages"}],"about":[{"href":"https:\/\/www.igatamus.com\/bgc\/wp-json\/wp\/v2\/types\/page"}],"author":[{"embeddable":true,"href":"https:\/\/www.igatamus.com\/bgc\/wp-json\/wp\/v2\/users\/1"}],"replies":[{"embeddable":true,"href":"https:\/\/www.igatamus.com\/bgc\/wp-json\/wp\/v2\/comments?post=551"}],"version-history":[{"count":1,"href":"https:\/\/www.igatamus.com\/bgc\/wp-json\/wp\/v2\/pages\/551\/revisions"}],"predecessor-version":[{"id":552,"href":"https:\/\/www.igatamus.com\/bgc\/wp-json\/wp\/v2\/pages\/551\/revisions\/552"}],"up":[{"embeddable":true,"href":"https:\/\/www.igatamus.com\/bgc\/wp-json\/wp\/v2\/pages\/431"}],"wp:attachment":[{"href":"https:\/\/www.igatamus.com\/bgc\/wp-json\/wp\/v2\/media?parent=551"}],"curies":[{"name":"wp","href":"https:\/\/api.w.org\/{rel}","templated":true}]}}