{"id":513,"date":"2018-01-21T15:38:40","date_gmt":"2018-01-21T14:38:40","guid":{"rendered":"http:\/\/www.igatamus.com\/bgc\/?page_id=513"},"modified":"2018-01-21T15:38:40","modified_gmt":"2018-01-21T14:38:40","slug":"lumbago","status":"publish","type":"page","link":"https:\/\/www.igatamus.com\/bgc\/technique-de-massage-des-points-dacupuncture\/lumbago\/","title":{"rendered":"Lumbago"},"content":{"rendered":"<p>Le Lumbago ou \u00ab\u00a0tour de rein\u00a0\u00bb, suite \u00e0 un effort malencontreux pratiqu\u00e9 dans une mauvaise position ets la fait de tout individu. Pli\u00e9 en deux, il est impossible de bouger. Un nerf est pinc\u00e9, comprim\u00e9 et tout mouvement provoque une douleur atroce.<\/p>\n<p>Le lumbago non trait\u00e9 tra\u00eene quelques jours ou quelques semaines et finit par dispara\u00eetre mais souvent il devient chronique et la douleur persiste. Un point existe qui va permettre de soulager la douleur.<\/p>\n<table border=\"0\" cellspacing=\"0\" cellpadding=\"0\">\n<tbody>\n<tr>\n<td width=\"50%\"><b><i>Le point \u00e0 utiliser est un point bilat\u00e9ral. Sur la figure ci-contre, nous ne montrons qu&rsquo;une jambe, mais il faut effectuer des massages sur les deux jambes.<\/p>\n<p>Ce point est situ\u00e9 exactement au milieu du pli du genou et il est tr\u00e8s facile \u00e0 trouver.<\/i><\/b><\/td>\n<td width=\"50%\">\n<p align=\"CENTER\"><img src=\"http:\/\/vidauban.pagesperso-orange.fr\/medchin\/lumbago.gif\" width=\"92\" height=\"168\" align=\"BOTTOM\" border=\"0\" \/><\/p>\n<\/td>\n<\/tr>\n<\/tbody>\n<\/table>\n<p><span style=\"font-size: xx-small;\">ATTENTION : ces pages ont \u00e9t\u00e9 r\u00e9alis\u00e9es \u00e0 partir de documents existants : livres, cours, publicit\u00e9s m\u00e9dicales&#8230; Nous tenons \u00e0 pr\u00e9venir l&rsquo;internaute lecteur de ces pages qu&rsquo;il ne s&rsquo;agit en aucun cas de pratiquer la m\u00e9decine mais de soulager par simples massages, des \u00e9tats douloureux comme par exemple se masser la nuque pour se d\u00e9tendre en rentrant d&rsquo;une journ\u00e9e particuli\u00e8rement difficile. Il se trouve que les solutions expos\u00e9es ici sont relativement efficaces MAIS il vous faut imp\u00e9rativement aller consulter un m\u00e9decin pour pouvoir \u00eatre <b>soign\u00e9<\/b> en plus d&rsquo;\u00eatre soulag\u00e9.<\/span><\/p>\n<p><center><center><a href=\"http:\/\/www.amazon.fr\/gp\/search?ie=UTF8&amp;camp=1642&amp;creative=6746&amp;index=books&amp;keywords=acupuncture&amp;linkCode=ur2&amp;tag=technidemassa-21\" target=\"_blank\" rel=\"noopener noreferrer\">lien vers des livres d&rsquo;acupuncture<\/a><img src=\"http:\/\/www.assoc-amazon.fr\/e\/ir?t=technidemassa-21&amp;l=ur2&amp;o=8\" alt=\"\" width=\"1\" height=\"1\" border=\"0\" \/><\/center><\/center><\/p>\n","protected":false},"excerpt":{"rendered":"<p>Le Lumbago ou \u00ab\u00a0tour de rein\u00a0\u00bb, suite \u00e0 un effort malencontreux pratiqu\u00e9 dans une mauvaise position ets la fait de tout individu. Pli\u00e9 en deux, il est impossible de bouger. Un nerf est pinc\u00e9, comprim\u00e9 et tout mouvement provoque une douleur atroce. Le lumbago non trait\u00e9 tra\u00eene quelques jours ou quelques semaines et finit par &hellip; <\/p>\n<p class=\"link-more\"><a href=\"https:\/\/www.igatamus.com\/bgc\/technique-de-massage-des-points-dacupuncture\/lumbago\/\" class=\"more-link\">Continuer la lecture<span class=\"screen-reader-text\"> de &laquo;&nbsp;Lumbago&nbsp;&raquo;<\/span><\/a><\/p>\n","protected":false},"author":1,"featured_media":0,"parent":431,"menu_order":32,"comment_status":"closed","ping_status":"closed","template":"","meta":[],"_links":{"self":[{"href":"https:\/\/www.igatamus.com\/bgc\/wp-json\/wp\/v2\/pages\/513"}],"collection":[{"href":"https:\/\/www.igatamus.com\/bgc\/wp-json\/wp\/v2\/pages"}],"about":[{"href":"https:\/\/www.igatamus.com\/bgc\/wp-json\/wp\/v2\/types\/page"}],"author":[{"embeddable":true,"href":"https:\/\/www.igatamus.com\/bgc\/wp-json\/wp\/v2\/users\/1"}],"replies":[{"embeddable":true,"href":"https:\/\/www.igatamus.com\/bgc\/wp-json\/wp\/v2\/comments?post=513"}],"version-history":[{"count":1,"href":"https:\/\/www.igatamus.com\/bgc\/wp-json\/wp\/v2\/pages\/513\/revisions"}],"predecessor-version":[{"id":514,"href":"https:\/\/www.igatamus.com\/bgc\/wp-json\/wp\/v2\/pages\/513\/revisions\/514"}],"up":[{"embeddable":true,"href":"https:\/\/www.igatamus.com\/bgc\/wp-json\/wp\/v2\/pages\/431"}],"wp:attachment":[{"href":"https:\/\/www.igatamus.com\/bgc\/wp-json\/wp\/v2\/media?parent=513"}],"curies":[{"name":"wp","href":"https:\/\/api.w.org\/{rel}","templated":true}]}}