{"id":504,"date":"2018-01-21T15:33:23","date_gmt":"2018-01-21T14:33:23","guid":{"rendered":"http:\/\/www.igatamus.com\/bgc\/?page_id=504"},"modified":"2018-01-21T15:33:23","modified_gmt":"2018-01-21T14:33:23","slug":"hoquet","status":"publish","type":"page","link":"https:\/\/www.igatamus.com\/bgc\/technique-de-massage-des-points-dacupuncture\/hoquet\/","title":{"rendered":"Hoquet"},"content":{"rendered":"<p>Qu&rsquo;il est d\u00e9sagr\u00e9able ce hoquet sournois qui survient dans les moments les plus embarrassants.<\/p>\n<p>Il faut savoir que si le hoquet courant passe souvent rapidement, ce peut\u00eatre une v\u00e9ritable maladie qui dure des jours et emp\u00eache la pauvre personne qui en est affect\u00e9e de manger, de boire, de dormir et peut entra\u00eener des d\u00e9pressions nerveuses.<\/p>\n<p>Dans le cas d&rsquo;un hoquet survenant \u00e0 la suite de situations f\u00e2cheuses comme avoir ri en mangeant ou bien aval\u00e9 de travers ou encore respir\u00e9 en buvant \u00e0 la bouteille, nous avons des points qui permettent de le faire passer.<\/p>\n<p>Mais dans ce cas, il faut faire faire la manipulation par une personne ext\u00e9rieure car ces points se situent dans le dos.<\/p>\n<table border=\"0\" cellspacing=\"0\" cellpadding=\"0\">\n<tbody>\n<tr>\n<td width=\"50%\"><b><i>Ces points sont situ\u00e9s \u00e0 deux travers de doigts de chaque c\u00f4t\u00e9 de l&rsquo;\u00e9pine dorsale, de chaque c\u00f4t\u00e9 de la septi\u00e8me vert\u00e8bre dorsale.<\/p>\n<p>Pour rep\u00e9rer la septi\u00e8me dorsale, vous pouvez utiliser la m\u00e9thode de rep\u00e9rage des vert\u00e8bre utilis\u00e9e pour le point de l<\/i><\/b><a href=\"http:\/\/vidauban.pagesperso-orange.fr\/medchin\/eczema.html\"><i><b>&lsquo;ecz\u00e9ma<\/b><\/i><\/a><i><b>, ou bien vous pouvez utiliser la m\u00e9thode suivante :<\/p>\n<p>La septi\u00e8me dorsale se trouve sur une ligne rejoingnant les pointes des deux homoplates (Cf. figure ci-contre).<\/b><\/i><\/td>\n<td width=\"50%\">\n<p align=\"CENTER\"><img src=\"http:\/\/vidauban.pagesperso-orange.fr\/medchin\/hoquet.gif\" width=\"178\" height=\"193\" align=\"BOTTOM\" border=\"0\" \/><\/p>\n<\/td>\n<\/tr>\n<\/tbody>\n<\/table>\n<p><span style=\"font-size: xx-small;\">ATTENTION : ces pages ont \u00e9t\u00e9 r\u00e9alis\u00e9es \u00e0 partir de documents existants : livres, cours, publicit\u00e9s m\u00e9dicales&#8230; Nous tenons \u00e0 pr\u00e9venir l&rsquo;internaute lecteur de ces pages qu&rsquo;il ne s&rsquo;agit en aucun cas de pratiquer la m\u00e9decine mais de soulager par simples massages, des \u00e9tats douloureux comme par exemple se masser la nuque pour se d\u00e9tendre en rentrant d&rsquo;une journ\u00e9e particuli\u00e8rement difficile. Il se trouve que les solutions expos\u00e9es ici sont relativement efficaces MAIS il vous faut imp\u00e9rativement aller consulter un m\u00e9decin pour pouvoir \u00eatre <b>soign\u00e9<\/b> en plus d&rsquo;\u00eatre soulag\u00e9.<\/span><\/p>\n<p><center><center><a href=\"http:\/\/www.amazon.fr\/gp\/search?ie=UTF8&amp;camp=1642&amp;creative=6746&amp;index=books&amp;keywords=acupuncture&amp;linkCode=ur2&amp;tag=technidemassa-21\" target=\"_blank\" rel=\"noopener noreferrer\">lien vers des livres d&rsquo;acupuncture<\/a><img src=\"http:\/\/www.assoc-amazon.fr\/e\/ir?t=technidemassa-21&amp;l=ur2&amp;o=8\" alt=\"\" width=\"1\" height=\"1\" border=\"0\" \/><\/center><\/center><\/p>\n","protected":false},"excerpt":{"rendered":"<p>Qu&rsquo;il est d\u00e9sagr\u00e9able ce hoquet sournois qui survient dans les moments les plus embarrassants. Il faut savoir que si le hoquet courant passe souvent rapidement, ce peut\u00eatre une v\u00e9ritable maladie qui dure des jours et emp\u00eache la pauvre personne qui en est affect\u00e9e de manger, de boire, de dormir et peut entra\u00eener des d\u00e9pressions nerveuses. &hellip; <\/p>\n<p class=\"link-more\"><a href=\"https:\/\/www.igatamus.com\/bgc\/technique-de-massage-des-points-dacupuncture\/hoquet\/\" class=\"more-link\">Continuer la lecture<span class=\"screen-reader-text\"> de &laquo;&nbsp;Hoquet&nbsp;&raquo;<\/span><\/a><\/p>\n","protected":false},"author":1,"featured_media":0,"parent":431,"menu_order":28,"comment_status":"closed","ping_status":"closed","template":"","meta":[],"_links":{"self":[{"href":"https:\/\/www.igatamus.com\/bgc\/wp-json\/wp\/v2\/pages\/504"}],"collection":[{"href":"https:\/\/www.igatamus.com\/bgc\/wp-json\/wp\/v2\/pages"}],"about":[{"href":"https:\/\/www.igatamus.com\/bgc\/wp-json\/wp\/v2\/types\/page"}],"author":[{"embeddable":true,"href":"https:\/\/www.igatamus.com\/bgc\/wp-json\/wp\/v2\/users\/1"}],"replies":[{"embeddable":true,"href":"https:\/\/www.igatamus.com\/bgc\/wp-json\/wp\/v2\/comments?post=504"}],"version-history":[{"count":1,"href":"https:\/\/www.igatamus.com\/bgc\/wp-json\/wp\/v2\/pages\/504\/revisions"}],"predecessor-version":[{"id":505,"href":"https:\/\/www.igatamus.com\/bgc\/wp-json\/wp\/v2\/pages\/504\/revisions\/505"}],"up":[{"embeddable":true,"href":"https:\/\/www.igatamus.com\/bgc\/wp-json\/wp\/v2\/pages\/431"}],"wp:attachment":[{"href":"https:\/\/www.igatamus.com\/bgc\/wp-json\/wp\/v2\/media?parent=504"}],"curies":[{"name":"wp","href":"https:\/\/api.w.org\/{rel}","templated":true}]}}