{"id":459,"date":"2018-01-21T15:07:29","date_gmt":"2018-01-21T14:07:29","guid":{"rendered":"http:\/\/www.igatamus.com\/bgc\/?page_id=459"},"modified":"2019-05-30T10:40:01","modified_gmt":"2019-05-30T08:40:01","slug":"douleur-a-lanus","status":"publish","type":"page","link":"https:\/\/www.igatamus.com\/bgc\/technique-de-massage-des-points-dacupuncture\/douleur-a-lanus\/","title":{"rendered":"Douleur \u00e0 l&rsquo;anus"},"content":{"rendered":"<p>Il ne faut surtout pas restreindre la douleur \u00e0 l&rsquo;anus aux h\u00e9morro\u00efdes. Bien qu&rsquo;elle soit la plus courante, cette affection tr\u00e8s inconfortable est souvent b\u00e9nigne. Bien d&rsquo;autres raisons peuvent \u00eatre \u00e0 l&rsquo;origine de cette douleur : fissure anale, d\u00e9mangeaison par le l&rsquo;ecz\u00e9ma, abc\u00e8s douloureux, etc &#8230;<\/p>\n<p>Il se trouve que de nombreuses personnes souffrent de ces d\u00e9sagr\u00e9ments et que l&rsquo;effet sur l&rsquo;humeur est tr\u00e8s importante, du fait d&rsquo;une part de la douleur, mais \u00e9galement du fait des dysfonctionnements psychologiques qu&rsquo;elle entra\u00eene.<\/p>\n<p>En ce qui concerne les h\u00e9morro\u00efdes, leur cause est bien souvent <a href=\"http:\/\/vidauban.pagesperso-orange.fr\/medchin\/constip.html\">la constipation<\/a>, des selles trop volumineuses, trop s\u00e8ches, trop rares provoquent des l\u00e9sions sur les veines de l&rsquo;anus, cr\u00e9ent des caillots \u00e0 l&rsquo;int\u00e9rieur ou bien bloquent le sang qui ne peut plus circuler correctement.<br \/>\nLes veines dilat\u00e9es se contractent ensuite autour de l&rsquo;anus et lors de la prochaine selle, c&rsquo;est encore plus douloureux. C&rsquo;est un cercle vicieux qu&rsquo;il faut le plus rapidement possible atopper, d&rsquo;une part en utilisant le <a href=\"http:\/\/vidauban.pagesperso-orange.fr\/medchin\/constip.html\">point li\u00e9 \u00e0 la constipation<\/a> si c&rsquo;est le cas et d&rsquo;autre part, en utilisant le point d&rsquo;acupuncture suivant :<\/p>\n<table border=\"0\" cellspacing=\"0\" cellpadding=\"0\">\n<tbody>\n<tr>\n<td width=\"50%\"><b><b><i>Ce point est situ\u00e9 sur le mollet.<\/i><\/b><\/b>En arri\u00e8re de celui-ci, \u00e0 peu pr\u00e8s \u00e0 mi hauteur, juste au milieu du renflement des deux muscles que l&rsquo;on appelle les jumeaux.<\/p>\n<p>Ce point \u00e0 d&rsquo;autres effets mais il est p\u00e2rticuli\u00e8rement actif pour les douleurs de l&rsquo;anus.<\/p>\n<p>Toutefois, il est n\u00e9cessaire de masser bilat\u00e9ralement et profond\u00e9ment, avec les deux pouces par exemple.<\/td>\n<td width=\"50%\">\n<p align=\"CENTER\"><img src=\"http:\/\/vidauban.pagesperso-orange.fr\/medchin\/anus1.gif\" width=\"79\" height=\"194\" align=\"BOTTOM\" border=\"0\" \/> <img src=\"http:\/\/vidauban.pagesperso-orange.fr\/medchin\/anus.jpg\" width=\"144\" height=\"192\" align=\"BOTTOM\" border=\"0\" \/><\/p>\n<\/td>\n<\/tr>\n<\/tbody>\n<\/table>\n<p style=\"text-align: left;\" align=\"CENTER\"><span style=\"font-size: xx-small;\">ATTENTION : ces pages ont \u00e9t\u00e9 r\u00e9alis\u00e9es \u00e0 partir de documents existants : livres, cours, publicit\u00e9s m\u00e9dicales&#8230; Nous tenons \u00e0 pr\u00e9venir l&rsquo;internaute lecteur de ces pages qu&rsquo;il ne sagit en aucun cas de pratiquer la m\u00e9decine mais de soulager par simples massages, des \u00e9tats douloureux comme par exemple se masser la nuque pour se d\u00e9tendre en rentrant d&rsquo;une journ\u00e9e particuli\u00e8rement difficile. Il se trouve que les solutions expos\u00e9es ici sont relativement efficaces MAIS il vous faut imp\u00e9rativement aller consulter un m\u00e9decin pour pouvoir \u00eatre <b>soign\u00e9<\/b> en plus d&rsquo;\u00eatre soulag\u00e9.<\/span><\/p>\n<p><center><a href=\"http:\/\/www.amazon.fr\/gp\/search?ie=UTF8&amp;camp=1642&amp;creative=6746&amp;index=books&amp;keywords=acupuncture&amp;linkCode=ur2&amp;tag=technidemassa-21\" target=\"_blank\" rel=\"noopener noreferrer\">lien vers des livres d&rsquo;acupuncture<\/a><img src=\"http:\/\/www.assoc-amazon.fr\/e\/ir?t=technidemassa-21&amp;l=ur2&amp;o=8\" alt=\"\" width=\"1\" height=\"1\" border=\"0\" \/><\/center><\/p>\n<p align=\"CENTER\">\n<a href=\"http:\/\/www.amazon.fr\/gp\/search?ie=UTF8&amp;camp=1642&amp;creative=6746&amp;index=books&amp;keywords=acupuncture&amp;linkCode=ur2&amp;tag=technidemassa-21\" target=\"_blank\" rel=\"noopener noreferrer\">lien vers des livres d&rsquo;acupuncture<\/a><img class=\"aligncenter\" src=\"http:\/\/www.assoc-amazon.fr\/e\/ir?t=technidemassa-21&amp;l=ur2&amp;o=8\" alt=\"\" width=\"1\" height=\"1\" border=\"0\" \/><\/p>\n<\/p><\/div><\/p>\n","protected":false},"excerpt":{"rendered":"<p>Il ne faut surtout pas restreindre la douleur \u00e0 l&rsquo;anus aux h\u00e9morro\u00efdes. Bien qu&rsquo;elle soit la plus courante, cette affection tr\u00e8s inconfortable est souvent b\u00e9nigne. Bien d&rsquo;autres raisons peuvent \u00eatre \u00e0 l&rsquo;origine de cette douleur : fissure anale, d\u00e9mangeaison par le l&rsquo;ecz\u00e9ma, abc\u00e8s douloureux, etc &#8230; Il se trouve que de nombreuses personnes souffrent de &hellip; <\/p>\n<p class=\"link-more\"><a href=\"https:\/\/www.igatamus.com\/bgc\/technique-de-massage-des-points-dacupuncture\/douleur-a-lanus\/\" class=\"more-link\">Continuer la lecture<span class=\"screen-reader-text\"> de &laquo;&nbsp;Douleur \u00e0 l&rsquo;anus&nbsp;&raquo;<\/span><\/a><\/p>\n","protected":false},"author":1,"featured_media":0,"parent":431,"menu_order":11,"comment_status":"closed","ping_status":"closed","template":"","meta":[],"_links":{"self":[{"href":"https:\/\/www.igatamus.com\/bgc\/wp-json\/wp\/v2\/pages\/459"}],"collection":[{"href":"https:\/\/www.igatamus.com\/bgc\/wp-json\/wp\/v2\/pages"}],"about":[{"href":"https:\/\/www.igatamus.com\/bgc\/wp-json\/wp\/v2\/types\/page"}],"author":[{"embeddable":true,"href":"https:\/\/www.igatamus.com\/bgc\/wp-json\/wp\/v2\/users\/1"}],"replies":[{"embeddable":true,"href":"https:\/\/www.igatamus.com\/bgc\/wp-json\/wp\/v2\/comments?post=459"}],"version-history":[{"count":3,"href":"https:\/\/www.igatamus.com\/bgc\/wp-json\/wp\/v2\/pages\/459\/revisions"}],"predecessor-version":[{"id":749,"href":"https:\/\/www.igatamus.com\/bgc\/wp-json\/wp\/v2\/pages\/459\/revisions\/749"}],"up":[{"embeddable":true,"href":"https:\/\/www.igatamus.com\/bgc\/wp-json\/wp\/v2\/pages\/431"}],"wp:attachment":[{"href":"https:\/\/www.igatamus.com\/bgc\/wp-json\/wp\/v2\/media?parent=459"}],"curies":[{"name":"wp","href":"https:\/\/api.w.org\/{rel}","templated":true}]}}