{"id":457,"date":"2018-01-21T15:06:37","date_gmt":"2018-01-21T14:06:37","guid":{"rendered":"http:\/\/www.igatamus.com\/bgc\/?page_id=457"},"modified":"2019-05-30T10:39:29","modified_gmt":"2019-05-30T08:39:29","slug":"diarrhee","status":"publish","type":"page","link":"https:\/\/www.igatamus.com\/bgc\/technique-de-massage-des-points-dacupuncture\/diarrhee\/","title":{"rendered":"Diarrh\u00e9e"},"content":{"rendered":"<p>ATTENTION, la diarrh\u00e9e est un sympt\u00f4me d\u00e9sagr\u00e9able mais souvent li\u00e9 \u00e0 des ph\u00e9nom\u00e8nes beaucoup plus graves.<\/p>\n<p>Tout d&rsquo;abord il faut savoir que ses cons\u00e9quences ne sont pas minimes, une diarrh\u00e9e peut conduire \u00e0 une d\u00e9sydration de l&rsquo;organisme, perte de beaucoup de liquide et des sels min\u00e9raux.<\/p>\n<p>Ensuite, son origine peut-\u00eatre une amibe dysent\u00e9rique ou le chol\u00e9ra.<\/p>\n<p>Par cons\u00e9quent, si le mal ne passe pas allez au plus vite chez votre m\u00e9decin.<\/p>\n<p>Bien qu&rsquo;en chine, l&rsquo;accupuncture serve \u00e0 soigner ce fameux chol\u00e9ra et que le \u00ab\u00a0rem\u00e8de\u00a0\u00bb fonctionne fort bien, nous utiliserons ce point pour rem\u00e9dier aux diarrh\u00e9es li\u00e9es aux coups de froid et autres manifestations saisonni\u00e8res li\u00e9es \u00e0 nos climats.<\/p>\n<table border=\"0\" cellspacing=\"0\" cellpadding=\"0\">\n<tbody>\n<tr>\n<td width=\"50%\"><b><i>O\u00f9 est donc ce point ?<\/p>\n<p>Ce point est un peu plus difficile \u00e0 d\u00e9terminer que la plupart de ceux d\u00e9j\u00e0 rencontr\u00e9s.<\/p>\n<p>De bas en haut, il est situ\u00e9 \u00e0 cinq travers de doigts au dessous de la pointe de la rotule.<\/p>\n<p>D&rsquo;autre part, dans le sens de la profondeur, il est situ\u00e9 \u00e0 mi-chemin entre les cr\u00eates des deux os, le tibias sur l&rsquo;avant et le p\u00e9ron\u00e9 sur l&rsquo;arri\u00e8re.<\/i><\/b><\/td>\n<td width=\"50%\">\n<p align=\"CENTER\"><img src=\"http:\/\/vidauban.pagesperso-orange.fr\/medchin\/diarrh.gif\" width=\"131\" height=\"300\" align=\"BOTTOM\" border=\"0\" \/><\/p>\n<\/td>\n<\/tr>\n<\/tbody>\n<\/table>\n<p style=\"text-align: left;\" align=\"CENTER\"><span style=\"font-size: xx-small;\">ATTENTION : ces pages ont \u00e9t\u00e9 r\u00e9alis\u00e9es \u00e0 partir de documents existants : livres, cours, publicit\u00e9s m\u00e9dicales&#8230; Nous tenons \u00e0 pr\u00e9venir l&rsquo;internaute lecteur de ces pages qu&rsquo;il ne s&rsquo;agit en aucun cas de pratiquer la m\u00e9decine mais de soulager par simples massages, des \u00e9tats douloureux comme par exemple se masser la nuque pour se d\u00e9tendre en rentrant d&rsquo;une journ\u00e9e particuli\u00e8rement difficile. Il se trouve que les solutions expos\u00e9es ici sont relativement efficaces MAIS il vous faut imp\u00e9rativement aller consulter un m\u00e9decin pour pouvoir \u00eatre <b>soign\u00e9<\/b> en plus d&rsquo;\u00eatre soulag\u00e9.<\/span><\/p>\n<p><center><a href=\"http:\/\/www.amazon.fr\/gp\/search?ie=UTF8&amp;camp=1642&amp;creative=6746&amp;index=books&amp;keywords=acupuncture&amp;linkCode=ur2&amp;tag=technidemassa-21\" target=\"_blank\" rel=\"noopener noreferrer\">lien vers des livres d&rsquo;acupuncture<\/a><img src=\"http:\/\/www.assoc-amazon.fr\/e\/ir?t=technidemassa-21&amp;l=ur2&amp;o=8\" alt=\"\" width=\"1\" height=\"1\" border=\"0\" \/><\/center><\/p>\n<p align=\"CENTER\">\n<a href=\"http:\/\/www.amazon.fr\/gp\/search?ie=UTF8&amp;camp=1642&amp;creative=6746&amp;index=books&amp;keywords=acupuncture&amp;linkCode=ur2&amp;tag=technidemassa-21\" target=\"_blank\" rel=\"noopener noreferrer\">lien vers des livres d&rsquo;acupuncture<\/a><img class=\"aligncenter\" src=\"http:\/\/www.assoc-amazon.fr\/e\/ir?t=technidemassa-21&amp;l=ur2&amp;o=8\" alt=\"\" width=\"1\" height=\"1\" border=\"0\" \/><\/p>\n<\/p><\/div><\/p>\n","protected":false},"excerpt":{"rendered":"<p>ATTENTION, la diarrh\u00e9e est un sympt\u00f4me d\u00e9sagr\u00e9able mais souvent li\u00e9 \u00e0 des ph\u00e9nom\u00e8nes beaucoup plus graves. Tout d&rsquo;abord il faut savoir que ses cons\u00e9quences ne sont pas minimes, une diarrh\u00e9e peut conduire \u00e0 une d\u00e9sydration de l&rsquo;organisme, perte de beaucoup de liquide et des sels min\u00e9raux. Ensuite, son origine peut-\u00eatre une amibe dysent\u00e9rique ou le &hellip; <\/p>\n<p class=\"link-more\"><a href=\"https:\/\/www.igatamus.com\/bgc\/technique-de-massage-des-points-dacupuncture\/diarrhee\/\" class=\"more-link\">Continuer la lecture<span class=\"screen-reader-text\"> de &laquo;&nbsp;Diarrh\u00e9e&nbsp;&raquo;<\/span><\/a><\/p>\n","protected":false},"author":1,"featured_media":0,"parent":431,"menu_order":10,"comment_status":"closed","ping_status":"closed","template":"","meta":[],"_links":{"self":[{"href":"https:\/\/www.igatamus.com\/bgc\/wp-json\/wp\/v2\/pages\/457"}],"collection":[{"href":"https:\/\/www.igatamus.com\/bgc\/wp-json\/wp\/v2\/pages"}],"about":[{"href":"https:\/\/www.igatamus.com\/bgc\/wp-json\/wp\/v2\/types\/page"}],"author":[{"embeddable":true,"href":"https:\/\/www.igatamus.com\/bgc\/wp-json\/wp\/v2\/users\/1"}],"replies":[{"embeddable":true,"href":"https:\/\/www.igatamus.com\/bgc\/wp-json\/wp\/v2\/comments?post=457"}],"version-history":[{"count":2,"href":"https:\/\/www.igatamus.com\/bgc\/wp-json\/wp\/v2\/pages\/457\/revisions"}],"predecessor-version":[{"id":748,"href":"https:\/\/www.igatamus.com\/bgc\/wp-json\/wp\/v2\/pages\/457\/revisions\/748"}],"up":[{"embeddable":true,"href":"https:\/\/www.igatamus.com\/bgc\/wp-json\/wp\/v2\/pages\/431"}],"wp:attachment":[{"href":"https:\/\/www.igatamus.com\/bgc\/wp-json\/wp\/v2\/media?parent=457"}],"curies":[{"name":"wp","href":"https:\/\/api.w.org\/{rel}","templated":true}]}}