{"id":448,"date":"2018-01-21T15:02:05","date_gmt":"2018-01-21T14:02:05","guid":{"rendered":"http:\/\/www.igatamus.com\/bgc\/?page_id=448"},"modified":"2019-05-30T10:38:21","modified_gmt":"2019-05-30T08:38:21","slug":"coups","status":"publish","type":"page","link":"https:\/\/www.igatamus.com\/bgc\/technique-de-massage-des-points-dacupuncture\/coups\/","title":{"rendered":"Coups"},"content":{"rendered":"<p>Un coup est un traumatisme et dans la m\u00e9decine chinoise, le choc perturbe l&rsquo;harmonie du corps ainsi que l&rsquo;\u00e9nergie de d\u00e9fense (couche d&rsquo;\u00e9nergie qui recouvre tout le corps). Cette \u00e9nergie suit certaines voies et un coup peu bloquer le passage de l&rsquo;\u00e9nergie, il faut donc remettre en route la circulation de l&rsquo;\u00e9nergie.<\/p>\n<p>ATTENTION : un coup peut-\u00eatre un coup re\u00e7u physiquement mais aussi psychologiquement telles qu&rsquo;une information qui vous aura bless\u00e9 moralement : d\u00e9c\u00e8s, accident arriv\u00e9 \u00e0 autrui, sont concern\u00e9s \u00e9galement tous les chocs \u00e9motionnels.<\/p>\n<p><b>Mais en attendant, il existe un point qui va vous permettre d&rsquo;att\u00e9nuer la douleur.<br \/>\n<\/b><\/p>\n<table border=\"3\" cellspacing=\"0\" cellpadding=\"0\">\n<tbody>\n<tr>\n<td width=\"50%\">\n<p align=\"CENTER\"><img src=\"http:\/\/vidauban.pagesperso-orange.fr\/medchin\/coup.gif\" width=\"174\" height=\"300\" align=\"BOTTOM\" border=\"0\" \/><\/p>\n<\/td>\n<td width=\"50%\">\n<p align=\"CENTER\"><b><i><\/p>\n<p>Ce point est situ\u00e9 sur la poitrine et uniquement du c\u00f4t\u00e9 droit.<\/i><\/b><\/p>\n<p align=\"CENTER\"><b><i>Il est plac\u00e9 \u00e0 quatre travers de doigts au dessus du mamelon, exactement dans le deuxi\u00e8me espace intercostal.<\/i><\/b><\/p>\n<\/td>\n<\/tr>\n<\/tbody>\n<\/table>\n<p><span style=\"font-size: xx-small;\">ATTENTION : ces pages ont \u00e9t\u00e9 r\u00e9alis\u00e9es \u00e0 partir de documents existants : livres, cours, publicit\u00e9s m\u00e9dicales&#8230; Nous tenons \u00e0 pr\u00e9venir l&rsquo;internaute lecteur de ces pages qu&rsquo;il ne s&rsquo;agit en aucun cas de pratiquer la m\u00e9decine mais de soulager par simples massages, des \u00e9tats douloureux comme par exemple se masser la nuque pour se d\u00e9tendre en rentrant d&rsquo;une journ\u00e9e particuli\u00e8rement difficile. Il se trouve que les solutions expos\u00e9es ici sont relativement efficaces MAIS il vous faut imp\u00e9rativement aller consulter un m\u00e9decin pour pouvoir \u00eatre <b>soign\u00e9<\/b> en plus d&rsquo;\u00eatre soulag\u00e9.<\/span><\/p>\n<p><center><a href=\"http:\/\/www.amazon.fr\/gp\/search?ie=UTF8&amp;camp=1642&amp;creative=6746&amp;index=books&amp;keywords=acupuncture&amp;linkCode=ur2&amp;tag=technidemassa-21\" target=\"_blank\" rel=\"noopener noreferrer\">lien vers des livres d&rsquo;acupuncture<\/a><img src=\"http:\/\/www.assoc-amazon.fr\/e\/ir?t=technidemassa-21&amp;l=ur2&amp;o=8\" alt=\"\" width=\"1\" height=\"1\" border=\"0\" \/><\/center><\/p>\n<p align=\"CENTER\">\n<a href=\"http:\/\/www.amazon.fr\/gp\/search?ie=UTF8&amp;camp=1642&amp;creative=6746&amp;index=books&amp;keywords=acupuncture&amp;linkCode=ur2&amp;tag=technidemassa-21\" target=\"_blank\" rel=\"noopener noreferrer\">lien vers des livres d&rsquo;acupuncture<\/a><img class=\"aligncenter\" src=\"http:\/\/www.assoc-amazon.fr\/e\/ir?t=technidemassa-21&amp;l=ur2&amp;o=8\" alt=\"\" width=\"1\" height=\"1\" border=\"0\" \/><\/p>\n<\/p><\/div><\/p>\n","protected":false},"excerpt":{"rendered":"<p>Un coup est un traumatisme et dans la m\u00e9decine chinoise, le choc perturbe l&rsquo;harmonie du corps ainsi que l&rsquo;\u00e9nergie de d\u00e9fense (couche d&rsquo;\u00e9nergie qui recouvre tout le corps). Cette \u00e9nergie suit certaines voies et un coup peu bloquer le passage de l&rsquo;\u00e9nergie, il faut donc remettre en route la circulation de l&rsquo;\u00e9nergie. ATTENTION : un &hellip; <\/p>\n<p class=\"link-more\"><a href=\"https:\/\/www.igatamus.com\/bgc\/technique-de-massage-des-points-dacupuncture\/coups\/\" class=\"more-link\">Continuer la lecture<span class=\"screen-reader-text\"> de &laquo;&nbsp;Coups&nbsp;&raquo;<\/span><\/a><\/p>\n","protected":false},"author":1,"featured_media":0,"parent":431,"menu_order":6,"comment_status":"closed","ping_status":"closed","template":"","meta":[],"_links":{"self":[{"href":"https:\/\/www.igatamus.com\/bgc\/wp-json\/wp\/v2\/pages\/448"}],"collection":[{"href":"https:\/\/www.igatamus.com\/bgc\/wp-json\/wp\/v2\/pages"}],"about":[{"href":"https:\/\/www.igatamus.com\/bgc\/wp-json\/wp\/v2\/types\/page"}],"author":[{"embeddable":true,"href":"https:\/\/www.igatamus.com\/bgc\/wp-json\/wp\/v2\/users\/1"}],"replies":[{"embeddable":true,"href":"https:\/\/www.igatamus.com\/bgc\/wp-json\/wp\/v2\/comments?post=448"}],"version-history":[{"count":2,"href":"https:\/\/www.igatamus.com\/bgc\/wp-json\/wp\/v2\/pages\/448\/revisions"}],"predecessor-version":[{"id":744,"href":"https:\/\/www.igatamus.com\/bgc\/wp-json\/wp\/v2\/pages\/448\/revisions\/744"}],"up":[{"embeddable":true,"href":"https:\/\/www.igatamus.com\/bgc\/wp-json\/wp\/v2\/pages\/431"}],"wp:attachment":[{"href":"https:\/\/www.igatamus.com\/bgc\/wp-json\/wp\/v2\/media?parent=448"}],"curies":[{"name":"wp","href":"https:\/\/api.w.org\/{rel}","templated":true}]}}