{"id":444,"date":"2018-01-21T14:59:53","date_gmt":"2018-01-21T13:59:53","guid":{"rendered":"http:\/\/www.igatamus.com\/bgc\/?page_id=444"},"modified":"2019-05-30T10:37:43","modified_gmt":"2019-05-30T08:37:43","slug":"coliques","status":"publish","type":"page","link":"https:\/\/www.igatamus.com\/bgc\/technique-de-massage-des-points-dacupuncture\/coliques\/","title":{"rendered":"Coliques"},"content":{"rendered":"<p>Bien que courament utilis\u00e9, le terme de coliques regroupe plusieurs probl\u00e8mes d&rsquo;origines tr\u00e8s diff\u00e9rentes :<\/p>\n<ul>\n<li><b>intestinale, du gros intestin au c\u00f4lon :<\/b> ce sont les plus fr\u00e9quentes, li\u00e9es \u00e0 une infection, desspasmes, un coup de froid,&#8230;<\/li>\n<li><b>h\u00e9patiques :<\/b> cons\u00e9cutives \u00e0 un trouble des voies biliaires, assez souvent d\u00fb \u00e0 un calcul biliaire.<\/li>\n<li><b>n\u00e9phr\u00e9tiques :<\/b> la colique n\u00e9phr\u00e9tique concerne les voies urinaires et est souvent cons\u00e9cutive \u00e0 une maladie des voies urinaires, l\u00e0 encore nous retrouvons en g\u00e9n\u00e9ral des calculs (sable ou petits cailloux).<\/li>\n<\/ul>\n<p>Il est tout aussi important de soulager l&rsquo;individu que de d\u00e9terminer rapidement la cause des coliques. En effet, les coliques agravent l&rsquo;\u00e9tat des organes concern\u00e9s et il est tr\u00e8s important de soulager la douleur pour pouvoir faire un diagnostic pr\u00e9cis sans avoir \u00e0 prendre en compte des effets induits d&rsquo;autant plus que le rem\u00e8de utilis\u00e9 est d\u00e9pourvu de toute toxicit\u00e9.<\/p>\n<p>Il a pu \u00eatre d\u00e9montr\u00e9 tr\u00e8s facilement que ce point agissait sur l&rsquo;individu car en surveillant les contractions intestinales on s&rsquo;est aper\u00e7u que la stimulation de ce point les arr\u00eatait tr\u00e8s rapidement.<\/p>\n<table border=\"0\" cellspacing=\"0\" cellpadding=\"0\">\n<tbody>\n<tr>\n<td width=\"50%\"><b><i>Ce point est situ\u00e9 sous le genou, le long du bord arri\u00e8re du tibia.<\/i><\/b><\/p>\n<p><b><i>Lorsque l&rsquo;on suit ce bord avec le doigt, en remontant du bas vers le haut, on trouve un angle o\u00f9 le bord de l&rsquo;os s&rsquo;infl\u00e9chit brusquement en arri\u00e8re (Cf. figure ci-contre).<\/i><\/b><\/p>\n<p><b><i>Le point se situe dans cet angle.<\/i><\/b><\/td>\n<td width=\"50%\">\n<p align=\"CENTER\"><img src=\"http:\/\/vidauban.pagesperso-orange.fr\/medchin\/coliques.gif\" width=\"78\" height=\"174\" align=\"BOTTOM\" border=\"0\" \/><\/p>\n<\/td>\n<\/tr>\n<\/tbody>\n<\/table>\n<p align=\"CENTER\"><span style=\"font-size: xx-small;\">ATTENTION : ces pages ont \u00e9t\u00e9 r\u00e9alis\u00e9es \u00e0 partir de documents existants : livres, cours, publicit\u00e9s m\u00e9dicales&#8230; Nous tenons \u00e0 pr\u00e9venir l&rsquo;internaute lecteur de ces pages qu&rsquo;il ne s&rsquo;agit en aucun cas de pratiquer la m\u00e9decine mais de soulager par simples massages, des \u00e9tats douloureux comme par exemple se masser la nuque pour se d\u00e9tendre en rentrant d&rsquo;une journ\u00e9e particuli\u00e8rement difficile. Il se trouve que les solutions expos\u00e9es ici sont relativement efficaces MAIS il vous faut imp\u00e9rativement aller consulter un m\u00e9decin pour pouvoir \u00eatre <b>soign\u00e9<\/b> en plus d&rsquo;\u00eatre soulag\u00e9.<\/span><\/p>\n<p align=\"CENTER\">\n<a href=\"http:\/\/www.amazon.fr\/gp\/search?ie=UTF8&amp;camp=1642&amp;creative=6746&amp;index=books&amp;keywords=acupuncture&amp;linkCode=ur2&amp;tag=technidemassa-21\" target=\"_blank\" rel=\"noopener noreferrer\">lien vers des livres d&rsquo;acupuncture<\/a><img src=\"http:\/\/www.assoc-amazon.fr\/e\/ir?t=technidemassa-21&amp;l=ur2&amp;o=8\" alt=\"\" width=\"1\" height=\"1\" border=\"0\" \/><\/p>\n<p align=\"CENTER\">\n<a href=\"http:\/\/www.amazon.fr\/gp\/search?ie=UTF8&amp;camp=1642&amp;creative=6746&amp;index=books&amp;keywords=acupuncture&amp;linkCode=ur2&amp;tag=technidemassa-21\" target=\"_blank\" rel=\"noopener noreferrer\">lien vers des livres d&rsquo;acupuncture<\/a><img class=\"aligncenter\" src=\"http:\/\/www.assoc-amazon.fr\/e\/ir?t=technidemassa-21&amp;l=ur2&amp;o=8\" alt=\"\" width=\"1\" height=\"1\" border=\"0\" \/><\/p>\n<\/p><\/div><\/p>\n","protected":false},"excerpt":{"rendered":"<p>Bien que courament utilis\u00e9, le terme de coliques regroupe plusieurs probl\u00e8mes d&rsquo;origines tr\u00e8s diff\u00e9rentes : intestinale, du gros intestin au c\u00f4lon : ce sont les plus fr\u00e9quentes, li\u00e9es \u00e0 une infection, desspasmes, un coup de froid,&#8230; h\u00e9patiques : cons\u00e9cutives \u00e0 un trouble des voies biliaires, assez souvent d\u00fb \u00e0 un calcul biliaire. n\u00e9phr\u00e9tiques : la &hellip; <\/p>\n<p class=\"link-more\"><a href=\"https:\/\/www.igatamus.com\/bgc\/technique-de-massage-des-points-dacupuncture\/coliques\/\" class=\"more-link\">Continuer la lecture<span class=\"screen-reader-text\"> de &laquo;&nbsp;Coliques&nbsp;&raquo;<\/span><\/a><\/p>\n","protected":false},"author":1,"featured_media":0,"parent":431,"menu_order":4,"comment_status":"closed","ping_status":"closed","template":"","meta":[],"_links":{"self":[{"href":"https:\/\/www.igatamus.com\/bgc\/wp-json\/wp\/v2\/pages\/444"}],"collection":[{"href":"https:\/\/www.igatamus.com\/bgc\/wp-json\/wp\/v2\/pages"}],"about":[{"href":"https:\/\/www.igatamus.com\/bgc\/wp-json\/wp\/v2\/types\/page"}],"author":[{"embeddable":true,"href":"https:\/\/www.igatamus.com\/bgc\/wp-json\/wp\/v2\/users\/1"}],"replies":[{"embeddable":true,"href":"https:\/\/www.igatamus.com\/bgc\/wp-json\/wp\/v2\/comments?post=444"}],"version-history":[{"count":2,"href":"https:\/\/www.igatamus.com\/bgc\/wp-json\/wp\/v2\/pages\/444\/revisions"}],"predecessor-version":[{"id":742,"href":"https:\/\/www.igatamus.com\/bgc\/wp-json\/wp\/v2\/pages\/444\/revisions\/742"}],"up":[{"embeddable":true,"href":"https:\/\/www.igatamus.com\/bgc\/wp-json\/wp\/v2\/pages\/431"}],"wp:attachment":[{"href":"https:\/\/www.igatamus.com\/bgc\/wp-json\/wp\/v2\/media?parent=444"}],"curies":[{"name":"wp","href":"https:\/\/api.w.org\/{rel}","templated":true}]}}