{"id":440,"date":"2018-01-21T14:57:24","date_gmt":"2018-01-21T13:57:24","guid":{"rendered":"http:\/\/www.igatamus.com\/bgc\/?page_id=440"},"modified":"2019-05-30T10:37:11","modified_gmt":"2019-05-30T08:37:11","slug":"aphonie","status":"publish","type":"page","link":"https:\/\/www.igatamus.com\/bgc\/technique-de-massage-des-points-dacupuncture\/aphonie\/","title":{"rendered":"Aphonie"},"content":{"rendered":"<p>Apr\u00e8s un rhume, une grippe, une f\u00eate un peu trop \u00ab\u00a0appuy\u00e9e\u00a0\u00bb, vous vous retrouvez aphone. En fait, c&rsquo;est le larynx et les cordes vocales qui posent probl\u00e8me.<\/p>\n<p>Ces fameuses cordes vocales peuvent \u00eatre affect\u00e9es par une infection, une inflammation, elles ont gonfl\u00e9 et ne peuvent plus faire vibrer correctement la colonne d&rsquo;air qui les traverse et forme les sons que nous produisons.L&rsquo;acupuncture est tout \u00e0 fait en mesure de d\u00e9congestionner ces cordes vocales afin de recouvrer un organe en \u00e9tat de fonctionnement.<\/p>\n<p>ATTENTION, dans le cas d&rsquo;une affection grave telle la paralysie laryng\u00e9e o\u00f9 les cordes vocales sont paralys\u00e9es car les nerfs ne les commandent plus, ce point d&rsquo;acupuncture n&rsquo;a pas d&rsquo;effet car \u00e0 la base il s&rsquo;agit d&rsquo;une affection s\u00e9v\u00e8re d\u00e9tect\u00e9e par l&rsquo;oto-rhino et souvent irr\u00e9versible.<\/p>\n<p>Dans le premier cas expos\u00e9, il existe deux points qui peuvent am\u00e9liorer votre aphonie.<\/p>\n<table border=\"0\" cellspacing=\"0\" cellpadding=\"0\">\n<tbody>\n<tr>\n<td width=\"50%\"><b><i>Le premier point est situ\u00e9 au dessus du poignet.<\/p>\n<p>Sur la ligne m\u00e9diane de celui-ci, il est positionn\u00e9 \u00e0 environ une main de distance du plis inf\u00e9rieur du poignet.<\/i><\/b><\/p>\n<p align=\"CENTER\"><img src=\"http:\/\/vidauban.pagesperso-orange.fr\/medchin\/aphone1.gif\" width=\"149\" height=\"206\" align=\"BOTTOM\" border=\"0\" \/><\/p>\n<\/td>\n<td width=\"50%\"><b><i>Le second point est situ\u00e9 de part et d&rsquo;autre du larynx, \u00e0 l&rsquo;extr\u00e9mit\u00e9 du petit os qui le soutient. Pour le masser, vous pouvez utiliser le pouce et l&rsquo;index de la m\u00eame main.<\/p>\n<p>Ce point est tr\u00e8s ais\u00e9ement dicernable, il est situ\u00e9 au bout de l&rsquo;os qui soutient le larynx sur le bord du muscle du cou.<\/i><\/b><\/p>\n<p align=\"CENTER\"><img src=\"http:\/\/vidauban.pagesperso-orange.fr\/medchin\/aphone2.gif\" width=\"184\" height=\"223\" align=\"BOTTOM\" border=\"0\" \/><\/p>\n<\/td>\n<\/tr>\n<\/tbody>\n<\/table>\n<p align=\"CENTER\"><span style=\"font-size: xx-small;\">ATTENTION : ces pages ont \u00e9t\u00e9 r\u00e9alis\u00e9es \u00e0 partir de documents existants : livres, cours, publicit\u00e9s m\u00e9dicales&#8230; Nous tenons \u00e0 pr\u00e9venir l&rsquo;internaute lecteur de ces pages qu&rsquo;il ne sagit en aucun cas de pratiquer la m\u00e9decine mais de soulager par simples massages, des \u00e9tats douloureux comme par exemple se masser la nuque pour se d\u00e9tendre en rentrant d&rsquo;une journ\u00e9e particuli\u00e8rement difficile. Il se trouve que les solutions expos\u00e9es ici sont relativement efficaces MAIS il vous faut imp\u00e9rativement aller consulter un m\u00e9decin pour pouvoir \u00eatre <b>soign\u00e9<\/b> en plus d&rsquo;\u00eatre soulag\u00e9.<\/span><\/p>\n<p><center><center><a href=\"http:\/\/www.amazon.fr\/gp\/search?ie=UTF8&amp;camp=1642&amp;creative=6746&amp;index=books&amp;keywords=acupuncture&amp;linkCode=ur2&amp;tag=technidemassa-21\" target=\"_blank\" rel=\"noopener noreferrer\">lien vers des livres d&rsquo;acupuncture<\/a><img src=\"http:\/\/www.assoc-amazon.fr\/e\/ir?t=technidemassa-21&amp;l=ur2&amp;o=8\" alt=\"\" width=\"1\" height=\"1\" border=\"0\" \/><\/center><\/center><\/p>\n<p align=\"CENTER\">\n<a href=\"http:\/\/www.amazon.fr\/gp\/search?ie=UTF8&amp;camp=1642&amp;creative=6746&amp;index=books&amp;keywords=acupuncture&amp;linkCode=ur2&amp;tag=technidemassa-21\" target=\"_blank\" rel=\"noopener noreferrer\">lien vers des livres d&rsquo;acupuncture<\/a><img class=\"aligncenter\" src=\"http:\/\/www.assoc-amazon.fr\/e\/ir?t=technidemassa-21&amp;l=ur2&amp;o=8\" alt=\"\" width=\"1\" height=\"1\" border=\"0\" \/><\/p>\n<\/p><\/div><\/p>\n","protected":false},"excerpt":{"rendered":"<p>Apr\u00e8s un rhume, une grippe, une f\u00eate un peu trop \u00ab\u00a0appuy\u00e9e\u00a0\u00bb, vous vous retrouvez aphone. En fait, c&rsquo;est le larynx et les cordes vocales qui posent probl\u00e8me. Ces fameuses cordes vocales peuvent \u00eatre affect\u00e9es par une infection, une inflammation, elles ont gonfl\u00e9 et ne peuvent plus faire vibrer correctement la colonne d&rsquo;air qui les traverse &hellip; <\/p>\n<p class=\"link-more\"><a href=\"https:\/\/www.igatamus.com\/bgc\/technique-de-massage-des-points-dacupuncture\/aphonie\/\" class=\"more-link\">Continuer la lecture<span class=\"screen-reader-text\"> de &laquo;&nbsp;Aphonie&nbsp;&raquo;<\/span><\/a><\/p>\n","protected":false},"author":1,"featured_media":0,"parent":431,"menu_order":2,"comment_status":"closed","ping_status":"closed","template":"","meta":[],"_links":{"self":[{"href":"https:\/\/www.igatamus.com\/bgc\/wp-json\/wp\/v2\/pages\/440"}],"collection":[{"href":"https:\/\/www.igatamus.com\/bgc\/wp-json\/wp\/v2\/pages"}],"about":[{"href":"https:\/\/www.igatamus.com\/bgc\/wp-json\/wp\/v2\/types\/page"}],"author":[{"embeddable":true,"href":"https:\/\/www.igatamus.com\/bgc\/wp-json\/wp\/v2\/users\/1"}],"replies":[{"embeddable":true,"href":"https:\/\/www.igatamus.com\/bgc\/wp-json\/wp\/v2\/comments?post=440"}],"version-history":[{"count":2,"href":"https:\/\/www.igatamus.com\/bgc\/wp-json\/wp\/v2\/pages\/440\/revisions"}],"predecessor-version":[{"id":740,"href":"https:\/\/www.igatamus.com\/bgc\/wp-json\/wp\/v2\/pages\/440\/revisions\/740"}],"up":[{"embeddable":true,"href":"https:\/\/www.igatamus.com\/bgc\/wp-json\/wp\/v2\/pages\/431"}],"wp:attachment":[{"href":"https:\/\/www.igatamus.com\/bgc\/wp-json\/wp\/v2\/media?parent=440"}],"curies":[{"name":"wp","href":"https:\/\/api.w.org\/{rel}","templated":true}]}}